{"id":60,"date":"2018-12-02T22:31:42","date_gmt":"2018-12-03T00:31:42","guid":{"rendered":"http:\/\/eletrotecnica.ibiruba.ifrs.edu.br\/?page_id=60"},"modified":"2021-11-23T16:51:01","modified_gmt":"2021-11-23T18:51:01","slug":"estagio-eletrotecnica","status":"publish","type":"page","link":"https:\/\/eletrotecnica.ibiruba.ifrs.edu.br\/index.php\/estagio-eletrotecnica\/","title":{"rendered":"Est\u00e1gio"},"content":{"rendered":"\n<p class=\"has-text-align-right\"><strong>Consulte as \u00faltimas <a rel=\"noreferrer noopener\" aria-label=\"Oportunidades de Est\u00e1gio (opens in a new tab)\" href=\"http:\/\/eletrotecnica.ibiruba.ifrs.edu.br\/index.php\/category\/oportunidades\/estagio\/\" target=\"_blank\">Oportunidades de Est\u00e1gio<\/a>!<\/strong><\/p>\n\n\n\n<p class=\"has-text-align-right\"><strong>Acesse tamb\u00e9m o <\/strong><a rel=\"noreferrer noopener\" aria-label=\"Mural de Oportunidades (opens in a new tab)\" href=\"https:\/\/mural.ifrs.edu.br\/\" target=\"_blank\"><strong>Mural de Oportunidades<\/strong><\/a><strong>!<\/strong><\/p>\n\n\n\n<div class=\"wp-block-image\"><figure class=\"alignleft is-resized\"><img loading=\"lazy\" decoding=\"async\" src=\"http:\/\/eletrotecnica.ibiruba.ifrs.edu.br\/wp-content\/uploads\/2018\/12\/imagem-est\u00e1gio-300x199.jpg\" alt=\"\" class=\"wp-image-126\" width=\"349\" height=\"232\" srcset=\"https:\/\/eletrotecnica.ibiruba.ifrs.edu.br\/wp-content\/uploads\/2018\/12\/imagem-est\u00e1gio-300x199.jpg 300w, https:\/\/eletrotecnica.ibiruba.ifrs.edu.br\/wp-content\/uploads\/2018\/12\/imagem-est\u00e1gio-768x510.jpg 768w, https:\/\/eletrotecnica.ibiruba.ifrs.edu.br\/wp-content\/uploads\/2018\/12\/imagem-est\u00e1gio.jpg 960w\" sizes=\"auto, (max-width: 349px) 100vw, 349px\" \/><\/figure><\/div>\n\n\n\n<p style=\"text-align:left\">O Est\u00e1gio para o <em>Curso T\u00e9cnico em Eletrot\u00e9cnica<\/em> tem como finalidade oferecer ao estudante a oportunidade de aperfei\u00e7oar seus conhecimentos t\u00e9cnicos, bem como as rela\u00e7\u00f5es sociais que se estabelecem no espa\u00e7o do trabalho, possibilitando-lhe o desenvolvimento da vis\u00e3o cr\u00edtica sobre o sentido social do exerc\u00edcio de sua futura profiss\u00e3o.<br>Poder\u00e1 ser desenvolvido em empresas ou institui\u00e7\u00f5es conveniadas com o IFRS \u2013 Campus Ibirub\u00e1 \u2013 ou mesmo, na pr\u00f3pria institui\u00e7\u00e3o de Ensino, de acordo com regulamenta\u00e7\u00e3o espec\u00edfica. O estudante dever\u00e1 apresentar relat\u00f3rio de atividades do est\u00e1gio \u00e0 banca avaliadora, em prazo n\u00e3o superior a 6 (seis) meses da conclus\u00e3o do est\u00e1gio.<\/p>\n\n\n\n<p>Informa\u00e7\u00f5es sobre est\u00e1gio no Projeto Pedag\u00f3gico do Curso: <a href=\"https:\/\/ibiruba.ifrs.edu.br\/site\/midias\/arquivos\/201762414846577projeto_pedagogico_do_curso_de_eletrotecnicasubsequente_-_2017.pdf\" target=\"_blank\" rel=\"noreferrer noopener\" aria-label=\" (opens in a new tab)\">Aqui<\/a>.<\/p>\n\n\n\n<h2 class=\"wp-block-heading\"><span style=\"color:#0693e3\" class=\"tadv-color\">Acompanhamento dos estagi\u00e1rios<\/span><\/h2>\n\n\n\n<p>A planilha de <a rel=\"noreferrer noopener\" aria-label=\" (opens in a new tab)\" href=\"https:\/\/docs.google.com\/spreadsheets\/d\/1g_rt7xjhBIMN-6gqzUWSIqB6Kxf_6Wui0SGGP-LIaHk\/edit#gid=428602868\" target=\"_blank\">acompanhamento de estudantes em est\u00e1gio<\/a> apresenta as informa\u00e7\u00f5es atualizadas por estudante dos cursos t\u00e9cnicos subsequentes. Consulte e mantenha sua documenta\u00e7\u00e3o atualizada semestralmente.<\/p>\n\n\n\n<p><a href=\"https:\/\/docs.google.com\/spreadsheets\/d\/1xz5JBgcSACGImnnaKo_m3DJw73C6elpKe6mk2UMfvkc\/edit?usp=sharing\" target=\"_blank\" rel=\"noreferrer noopener\" aria-label=\"Rela\u00e7\u00e3o de Orientadores e Orientados (opens in a new tab)\">Rela\u00e7\u00e3o de Orientadores e Orientados<\/a><\/p>\n\n\n\n<h2 class=\"wp-block-heading\"><span style=\"color:#0693e3\" class=\"tadv-color\">Leis e diretrizes do est\u00e1gio curricular<\/span><\/h2>\n\n\n\n<p>Conhe\u00e7a as normas que regulamentam a elabora\u00e7\u00e3o do est\u00e1gio curricular obrigat\u00f3rio para o Curso T\u00e9cnico em Eletrot\u00e9cnica:<\/p>\n\n\n\n<ul class=\"wp-block-list\"><li><a rel=\"noreferrer noopener\" aria-label=\" (opens in a new tab)\" href=\"http:\/\/eletrotecnica.ibiruba.ifrs.edu.br\/wp-content\/uploads\/2018\/12\/noval_lei_de-estagio.pdf\" target=\"_blank\">LEI No 11.788, DE 25 DE SETEMBRO DE 2008<\/a> (Lei do est\u00e1gio de estudantes)<\/li><li><a rel=\"noreferrer noopener\" aria-label=\" (opens in a new tab)\" href=\"http:\/\/eletrotecnica.ibiruba.ifrs.edu.br\/wp-content\/uploads\/2018\/12\/201363105913494regulamento_estagios_ct_-_campus_ibiruba_aprovado.pdf\" target=\"_blank\">Regulamento do Est\u00e1gio Supervisionado dos Cursos T\u00e9cnicos e de Tecnologia<\/a><\/li><li><a href=\"http:\/\/eletrotecnica.ibiruba.ifrs.edu.br\/wp-content\/uploads\/2018\/12\/201010515157906in09.pdf\" target=\"_blank\" rel=\"noreferrer noopener\" aria-label=\" (opens in a new tab)\">Instru\u00e7\u00e3o Normativa PROEX no 09, de 5 de novembro de 2010<\/a> (Regulamenta a concess\u00e3o de est\u00e1gios)<\/li><\/ul>\n\n\n\n<h2 class=\"wp-block-heading\"><span style=\"color:#0693e3\" class=\"tadv-color\">Manuais para formata\u00e7\u00e3o de trabalhos acad\u00eamicos<\/span><\/h2>\n\n\n\n<p>Atual:<\/p>\n\n\n\n<ul class=\"wp-block-list\"><li><a aria-label=\"undefined (opens in a new tab)\" href=\"https:\/\/repositorio.ifrs.edu.br\/bitstream\/handle\/123456789\/209\/123456789209.pdf?sequence=1&amp;isAllowed=y\" target=\"_blank\" rel=\"noreferrer noopener\">Manual para trabalhos acad\u00eamicos (vers\u00e3o 2019)<\/a><\/li><\/ul>\n\n\n\n<p>Anteriores:<\/p>\n\n\n\n<ul class=\"wp-block-list\"><li><a href=\"https:\/\/drive.google.com\/file\/d\/1zvSVpi_1xGIx1wQfo4nMPE8uuHLae6oY\/view?usp=sharing\" target=\"_blank\" rel=\"noopener noreferrer\">Manual para trabalhos acad\u00eamicos (vers\u00e3o 2012)<\/a><\/li><li><a aria-label=\" (opens in a new tab)\" href=\"http:\/\/eletrotecnica.ibiruba.ifrs.edu.br\/wp-content\/uploads\/2018\/12\/20101011103042819manual_de_formatacao_estagio_-_campus_avancado_de_ibiruba.pdf\" target=\"_blank\" rel=\"noreferrer noopener\">Manual de formata\u00e7\u00e3o de trabalhos &#8211; Campus Ibirub\u00e1 (vers\u00e3o 2010)<\/a><\/li><\/ul>\n\n\n\n<h4 class=\"wp-block-heading\">Modelos para formata\u00e7\u00e3o de trabalhos:<\/h4>\n\n\n\n<div class=\"wp-block-file\"><a href=\"http:\/\/eletrotecnica.ibiruba.ifrs.edu.br\/wp-content\/uploads\/2019\/09\/relatorio_de_est\u00e1gio.pdf\">Estrutura do Relat\u00f3rio de Est\u00e1gio (importante)<\/a><a href=\"http:\/\/eletrotecnica.ibiruba.ifrs.edu.br\/wp-content\/uploads\/2019\/09\/relatorio_de_est\u00e1gio.pdf\" class=\"wp-block-file__button\" download>Baixar<\/a><\/div>\n\n\n\n<div class=\"wp-block-file\"><a href=\"http:\/\/eletrotecnica.ibiruba.ifrs.edu.br\/wp-content\/uploads\/2019\/09\/Modelo-LibreOffice-relat\u00f3rio-de-est\u00e1gio-para-Eletrot\u00e9cnica_v3.odt\">Modelo de relat\u00f3rio de est\u00e1gio para Eletrot\u00e9cnica &#8211; LibreOffice &#8211; vers\u00e3o 3<\/a><a href=\"http:\/\/eletrotecnica.ibiruba.ifrs.edu.br\/wp-content\/uploads\/2019\/09\/Modelo-LibreOffice-relat\u00f3rio-de-est\u00e1gio-para-Eletrot\u00e9cnica_v3.odt\" class=\"wp-block-file__button\" download>Baixar<\/a><\/div>\n\n\n\n<p><\/p>\n\n\n\n<hr class=\"wp-block-separator is-style-dots\"\/>\n\n\n\n<div class=\"wp-block-image\"><figure class=\"alignright is-resized\"><img loading=\"lazy\" decoding=\"async\" src=\"http:\/\/eletrotecnica.ibiruba.ifrs.edu.br\/wp-content\/uploads\/2019\/06\/IFlogo_horizontal-300x83.png\" alt=\"T\u00e9cnico em Eletrot\u00e9cnica IFRS IBIRUB\u00c1\" class=\"wp-image-1176\" width=\"150\" height=\"42\" srcset=\"https:\/\/eletrotecnica.ibiruba.ifrs.edu.br\/wp-content\/uploads\/2019\/06\/IFlogo_horizontal-300x83.png 300w, https:\/\/eletrotecnica.ibiruba.ifrs.edu.br\/wp-content\/uploads\/2019\/06\/IFlogo_horizontal-768x213.png 768w, https:\/\/eletrotecnica.ibiruba.ifrs.edu.br\/wp-content\/uploads\/2019\/06\/IFlogo_horizontal-1024x284.png 1024w\" sizes=\"auto, (max-width: 150px) 100vw, 150px\" \/><\/figure><\/div>\n","protected":false},"excerpt":{"rendered":"<p>Consulte as \u00faltimas Oportunidades de Est\u00e1gio! Acesse tamb\u00e9m o Mural de Oportunidades! Informa\u00e7\u00f5es sobre est\u00e1gio no Projeto Pedag\u00f3gico do Curso: Aqui. Acompanhamento dos estagi\u00e1rios A planilha de acompanhamento de estudantes em est\u00e1gio apresenta as informa\u00e7\u00f5es atualizadas por estudante dos cursos t\u00e9cnicos subsequentes. Consulte e mantenha sua documenta\u00e7\u00e3o atualizada semestralmente. Rela\u00e7\u00e3o de Orientadores e Orientados Leis [&hellip;]<\/p>\n","protected":false},"author":1,"featured_media":126,"parent":0,"menu_order":0,"comment_status":"closed","ping_status":"closed","template":"","meta":{"footnotes":""},"class_list":["post-60","page","type-page","status-publish","has-post-thumbnail","hentry"],"_links":{"self":[{"href":"https:\/\/eletrotecnica.ibiruba.ifrs.edu.br\/index.php\/wp-json\/wp\/v2\/pages\/60","targetHints":{"allow":["GET"]}}],"collection":[{"href":"https:\/\/eletrotecnica.ibiruba.ifrs.edu.br\/index.php\/wp-json\/wp\/v2\/pages"}],"about":[{"href":"https:\/\/eletrotecnica.ibiruba.ifrs.edu.br\/index.php\/wp-json\/wp\/v2\/types\/page"}],"author":[{"embeddable":true,"href":"https:\/\/eletrotecnica.ibiruba.ifrs.edu.br\/index.php\/wp-json\/wp\/v2\/users\/1"}],"replies":[{"embeddable":true,"href":"https:\/\/eletrotecnica.ibiruba.ifrs.edu.br\/index.php\/wp-json\/wp\/v2\/comments?post=60"}],"version-history":[{"count":27,"href":"https:\/\/eletrotecnica.ibiruba.ifrs.edu.br\/index.php\/wp-json\/wp\/v2\/pages\/60\/revisions"}],"predecessor-version":[{"id":2555,"href":"https:\/\/eletrotecnica.ibiruba.ifrs.edu.br\/index.php\/wp-json\/wp\/v2\/pages\/60\/revisions\/2555"}],"wp:featuredmedia":[{"embeddable":true,"href":"https:\/\/eletrotecnica.ibiruba.ifrs.edu.br\/index.php\/wp-json\/wp\/v2\/media\/126"}],"wp:attachment":[{"href":"https:\/\/eletrotecnica.ibiruba.ifrs.edu.br\/index.php\/wp-json\/wp\/v2\/media?parent=60"}],"curies":[{"name":"wp","href":"https:\/\/api.w.org\/{rel}","templated":true}]}}