{"id":19,"date":"2018-11-30T21:10:56","date_gmt":"2018-11-30T23:10:56","guid":{"rendered":"http:\/\/eletrotecnica.ibiruba.ifrs.edu.br\/?page_id=19"},"modified":"2019-12-22T14:57:05","modified_gmt":"2019-12-22T16:57:05","slug":"o-ifrs","status":"publish","type":"page","link":"https:\/\/eletrotecnica.ibiruba.ifrs.edu.br\/index.php\/o-ifrs\/","title":{"rendered":"O IFRS"},"content":{"rendered":"\n<figure class=\"wp-block-image\"><img loading=\"lazy\" decoding=\"async\" width=\"300\" height=\"83\" src=\"http:\/\/eletrotecnica.ibiruba.ifrs.edu.br\/wp-content\/uploads\/2019\/12\/logo_horizontal_composto-300x83.png\" alt=\"\" class=\"wp-image-1940\" srcset=\"https:\/\/eletrotecnica.ibiruba.ifrs.edu.br\/wp-content\/uploads\/2019\/12\/logo_horizontal_composto-300x83.png 300w, https:\/\/eletrotecnica.ibiruba.ifrs.edu.br\/wp-content\/uploads\/2019\/12\/logo_horizontal_composto-150x42.png 150w, https:\/\/eletrotecnica.ibiruba.ifrs.edu.br\/wp-content\/uploads\/2019\/12\/logo_horizontal_composto-768x212.png 768w, https:\/\/eletrotecnica.ibiruba.ifrs.edu.br\/wp-content\/uploads\/2019\/12\/logo_horizontal_composto-1024x283.png 1024w\" sizes=\"auto, (max-width: 300px) 100vw, 300px\" \/><\/figure>\n\n\n\n<hr class=\"wp-block-separator\"\/>\n\n\n\n<p>O Instituto Federal de Educa\u00e7\u00e3o, Ci\u00eancia e Tecnologia do Rio Grande do Sul (IFRS) \u00e9 uma <strong>institui\u00e7\u00e3o federal de <em><span style=\"color:#ff0000\" class=\"tadv-color\">ensino p\u00fablico, gratuito e de qualidade<\/span><\/em><\/strong>. Atua com uma estrutura multicampi para promover a educa\u00e7\u00e3o profissional e tecnol\u00f3gica de excel\u00eancia e impulsionar o desenvolvimento sustent\u00e1vel das regi\u00f5es.<\/p>\n\n\n\n<p>Possui 17&nbsp;<em>campi<\/em>: Bento Gon\u00e7alves, Canoas, Caxias do Sul, Erechim, Farroupilha, Feliz, <strong><em>Ibirub\u00e1<\/em><\/strong>, Os\u00f3rio, Porto Alegre, Restinga (Porto Alegre), Rio Grande e Sert\u00e3o e, em processo de implanta\u00e7\u00e3o: Alvorada, Rolante, Vacaria, Veran\u00f3polis e Viam\u00e3o. A Reitoria \u00e9 sediada em <em>Bento Gon\u00e7alves<\/em>.<\/p>\n\n\n\n<h4 class=\"wp-block-heading\" style=\"text-align:left\"><span style=\"color:#0693e3\" class=\"tadv-color\">Miss\u00e3o do IFRS <\/span><\/h4>\n\n\n\n<p style=\"text-align:left\">Ofertar educa\u00e7\u00e3o profissional, cient\u00edfica e tecnol\u00f3gica, inclusiva, p\u00fablica, gratuita e de qualidade, promovendo a forma\u00e7\u00e3o integral de cidad\u00e3os para enfrentar e superar desigualdades sociais, econ\u00f4micas, culturais e ambientais, garantindo a indissociabilidade entre ensino, pesquisa e extens\u00e3o e em conson\u00e2ncia com potencialidades e voca\u00e7\u00f5es territoriais.<\/p>\n\n\n\n<h4 class=\"wp-block-heading\"><b><span style=\"color:#0693e3\" class=\"tadv-color\">Vis\u00e3o <\/span><\/b><\/h4>\n\n\n\n<p>Ser refer\u00eancia em educa\u00e7\u00e3o, ci\u00eancia e tecnologia como uma institui\u00e7\u00e3o p\u00fablica, gratuita, de qualidade e com compromisso social.<\/p>\n\n\n\n<h4 class=\"wp-block-heading\"><b><span style=\"color:#0693e3\" class=\"tadv-color\">Valores <\/span><\/b><\/h4>\n\n\n\n<p style=\"text-align:left\">Equidade e justi\u00e7a social<br>Democracia<br>Coopera\u00e7\u00e3o<br>Solidariedade<br>Sustentabilidade<br>\u00c9tica<br>Desenvolvimento Humano<br>Inova\u00e7\u00e3o<br>Qualidade e Excel\u00eancia<br>Autonomia<br>Respeito \u00e0 diversidade<br>Compromisso social<\/p>\n\n\n\n<figure>\n<figure><iframe loading=\"lazy\" src=\"https:\/\/www.youtube.com\/embed\/H5owwhvI7JY\" allowfullscreen=\"allowfullscreen\" width=\"560\" height=\"315\" frameborder=\"0\"><\/iframe><\/figure>\n<\/figure>\n\n\n\n<div style=\"height:20px\" aria-hidden=\"true\" class=\"wp-block-spacer\"><\/div>\n\n\n\n<h4 class=\"wp-block-heading\"><b><span style=\"color:#0693e3\" class=\"tadv-color\">O que \u00e9 um Instituto Federal?<\/span><\/b><\/h4>\n\n\n\n<p>\u00c9 uma institui\u00e7\u00e3o de ensino p\u00fablica (ligada ao governo federal), especializada na oferta de educa\u00e7\u00e3o profissional e tecnol\u00f3gica, que orienta a oferta de cursos visando ao fortalecimento dos arranjos produtivos, sociais e culturais das localidades onde est\u00e1 instalado. O IFRS oferece cursos de forma\u00e7\u00e3o inicial continuada (cursos r\u00e1pidos), cursos t\u00e9cnicos de n\u00edvel m\u00e9dio, de gradua\u00e7\u00e3o e de p\u00f3s-gradua\u00e7\u00e3o (especializa\u00e7\u00e3o e mestrado). Seu nome completo \u00e9 Instituto Federal de Educa\u00e7\u00e3o, Ci\u00eancia e Tecnologia do Rio Grande do Sul (IFRS), mas tamb\u00e9m \u00e9 chamado pela forma resumida: Instituto Federal do Rio Grande do Sul; ou pela sigla, que \u00e9 pronunciada letra por letra (I-F-R-S) ou com as duas primeiras letras lidas como palavra e as duas \u00faltimas soletradas (If-R-S).<\/p>\n\n\n\n<h4 class=\"wp-block-heading\"><span style=\"color:#0693e3\" class=\"tadv-color\">Voc\u00ea sabia?<\/span><\/h4>\n\n\n\n<p>No Rio Grande do Sul, atuam tr\u00eas institutos federais: Instituto Federal do Rio Grande do Sul (IFRS), Instituto Federal Sul-riograndense (IFSul) e Instituto Federal Farroupilha (IFFarroupilha).<\/p>\n\n\n\n<hr class=\"wp-block-separator is-style-wide\"\/>\n\n\n\n<h3 class=\"wp-block-heading\"><span style=\"color:#0693e3\" class=\"tadv-color\">Gest\u00e3o atual no Campus Ibirub\u00e1<\/span><\/h3>\n\n\n\n<p><strong>Diretora-geral do&nbsp;<i>Campus<\/i>&nbsp;Ibirub\u00e1<\/strong><br>Migacir Trindade Duarte Fl\u00f4res<\/p>\n\n\n\n<p><strong>Diretora de Ensino<\/strong><br>Sandra Rejane Zorzo Peringer<\/p>\n\n\n\n<p><strong>Diretora de Administra\u00e7\u00e3o e Planejamento<br><\/strong>Cristiane Brauner<\/p>\n\n\n\n<p><strong>Coordenador de Extens\u00e3o<br><\/strong>Mois\u00e9s Nivaldo Cordeiro<\/p>\n\n\n\n<p><strong>Coordenador de Desenvolvimento Institucional<\/strong><br>Edimar M\u00e2nica<\/p>\n\n\n\n<p><strong>Coordenador de Pesquisa, P\u00f3s-Gradua\u00e7\u00e3o e Inova\u00e7\u00e3o<br><\/strong>Juliano Dalcin Martins<\/p>\n\n\n\n<p><strong>Coordenadora de Ensino<br><\/strong>Paula Gaida Winch<\/p>\n\n\n\n<p><strong>Coordenador de Registros Acad\u00eamicos<\/strong><br>Dionei Schwaab Brandt<\/p>\n\n\n\n<p><strong>Coordenadora de TI<\/strong><br>Laura Gotleib da Rosa<\/p>\n\n\n\n<p><strong>Coordenador de Administra\u00e7\u00e3o e Execu\u00e7\u00e3o Or\u00e7ament\u00e1ria<\/strong><br>Luiz Felipe Kopper da Silva<\/p>\n\n\n\n<p><strong>Coordenador de Produ\u00e7\u00e3o Agropecu\u00e1ria<\/strong><br>Maiquel Gromann<\/p>\n\n\n\n<p><strong>Coordenador de Infraestrutura<\/strong><br>Edson Roberto Bueno<\/p>\n\n\n\n<p><strong>Coordenador de Licita\u00e7\u00f5es e Contratos<\/strong><br>Paulo Ricardo de Pietro dos Santos<\/p>\n\n\n\n<p><strong>Chefe de Gabinete<\/strong><br>Eduardo Fernandes Antunes<\/p>\n\n\n\n<p><strong>Coordenador de Assist\u00eancia Estudantil<\/strong><br>Maur\u00edcio Lopes Lima<\/p>\n\n\n\n<p>Conhe\u00e7a tamb\u00e9m os gestores do Instituto Federal do Rio Grande do Sul no <a href=\"https:\/\/ifrs.edu.br\/institucional\/gestao-atual\/\">site<\/a> da Reitoria.<\/p>\n\n\n\n<hr class=\"wp-block-separator is-style-wide\"\/>\n\n\n\n<p>Assista ao&nbsp;<a href=\"https:\/\/www.youtube.com\/watch?v=nvDOp0c_oTU&amp;list=PLxMarmdO7KKk3m0dL_YEY9oqJbTWWgaLO&amp;index=5\" target=\"_blank\" rel=\"noopener noreferrer\">v\u00eddeo institucional do IFRS!<\/a><\/p>\n\n\n\n<p>Maiores informa\u00e7\u00f5es em: <a href=\"https:\/\/ifrs.edu.br\/\">https:\/\/ifrs.edu.br\/<\/a> e <a href=\"https:\/\/ifrs.edu.br\/ibiruba\/\">https:\/\/ifrs.edu.br\/ibiruba\/<\/a><\/p>\n\n\n\n<hr class=\"wp-block-separator is-style-dots\"\/>\n\n\n\n<div class=\"wp-block-image\"><figure class=\"alignright is-resized\"><img loading=\"lazy\" decoding=\"async\" src=\"http:\/\/eletrotecnica.ibiruba.ifrs.edu.br\/wp-content\/uploads\/2019\/06\/IFlogo_horizontal-300x83.png\" alt=\"T\u00e9cnico em Eletrot\u00e9cnica IFRS IBIRUB\u00c1\" class=\"wp-image-1176\" width=\"150\" height=\"42\" srcset=\"https:\/\/eletrotecnica.ibiruba.ifrs.edu.br\/wp-content\/uploads\/2019\/06\/IFlogo_horizontal-300x83.png 300w, https:\/\/eletrotecnica.ibiruba.ifrs.edu.br\/wp-content\/uploads\/2019\/06\/IFlogo_horizontal-768x213.png 768w, https:\/\/eletrotecnica.ibiruba.ifrs.edu.br\/wp-content\/uploads\/2019\/06\/IFlogo_horizontal-1024x284.png 1024w\" sizes=\"auto, (max-width: 150px) 100vw, 150px\" \/><\/figure><\/div>\n","protected":false},"excerpt":{"rendered":"<p>O Instituto Federal de Educa\u00e7\u00e3o, Ci\u00eancia e Tecnologia do Rio Grande do Sul (IFRS) \u00e9 uma institui\u00e7\u00e3o federal de ensino p\u00fablico, gratuito e de qualidade. Atua com uma estrutura multicampi para promover a educa\u00e7\u00e3o profissional e tecnol\u00f3gica de excel\u00eancia e impulsionar o desenvolvimento sustent\u00e1vel das regi\u00f5es. Possui 17&nbsp;campi: Bento Gon\u00e7alves, Canoas, Caxias do Sul, Erechim, [&hellip;]<\/p>\n","protected":false},"author":1,"featured_media":237,"parent":0,"menu_order":0,"comment_status":"closed","ping_status":"closed","template":"","meta":{"footnotes":""},"class_list":["post-19","page","type-page","status-publish","has-post-thumbnail","hentry"],"_links":{"self":[{"href":"https:\/\/eletrotecnica.ibiruba.ifrs.edu.br\/index.php\/wp-json\/wp\/v2\/pages\/19","targetHints":{"allow":["GET"]}}],"collection":[{"href":"https:\/\/eletrotecnica.ibiruba.ifrs.edu.br\/index.php\/wp-json\/wp\/v2\/pages"}],"about":[{"href":"https:\/\/eletrotecnica.ibiruba.ifrs.edu.br\/index.php\/wp-json\/wp\/v2\/types\/page"}],"author":[{"embeddable":true,"href":"https:\/\/eletrotecnica.ibiruba.ifrs.edu.br\/index.php\/wp-json\/wp\/v2\/users\/1"}],"replies":[{"embeddable":true,"href":"https:\/\/eletrotecnica.ibiruba.ifrs.edu.br\/index.php\/wp-json\/wp\/v2\/comments?post=19"}],"version-history":[{"count":22,"href":"https:\/\/eletrotecnica.ibiruba.ifrs.edu.br\/index.php\/wp-json\/wp\/v2\/pages\/19\/revisions"}],"predecessor-version":[{"id":1954,"href":"https:\/\/eletrotecnica.ibiruba.ifrs.edu.br\/index.php\/wp-json\/wp\/v2\/pages\/19\/revisions\/1954"}],"wp:featuredmedia":[{"embeddable":true,"href":"https:\/\/eletrotecnica.ibiruba.ifrs.edu.br\/index.php\/wp-json\/wp\/v2\/media\/237"}],"wp:attachment":[{"href":"https:\/\/eletrotecnica.ibiruba.ifrs.edu.br\/index.php\/wp-json\/wp\/v2\/media?parent=19"}],"curies":[{"name":"wp","href":"https:\/\/api.w.org\/{rel}","templated":true}]}}