{"id":17,"date":"2018-11-30T21:10:47","date_gmt":"2018-11-30T23:10:47","guid":{"rendered":"http:\/\/eletrotecnica.ibiruba.ifrs.edu.br\/?page_id=17"},"modified":"2019-12-22T15:02:16","modified_gmt":"2019-12-22T17:02:16","slug":"contato","status":"publish","type":"page","link":"https:\/\/eletrotecnica.ibiruba.ifrs.edu.br\/index.php\/contato\/","title":{"rendered":"Contato"},"content":{"rendered":"\n<figure class=\"wp-block-image\"><img loading=\"lazy\" decoding=\"async\" width=\"300\" height=\"83\" src=\"http:\/\/eletrotecnica.ibiruba.ifrs.edu.br\/wp-content\/uploads\/2019\/12\/logo_horizontal_composto-300x83.png\" alt=\"\" class=\"wp-image-1940\" srcset=\"https:\/\/eletrotecnica.ibiruba.ifrs.edu.br\/wp-content\/uploads\/2019\/12\/logo_horizontal_composto-300x83.png 300w, https:\/\/eletrotecnica.ibiruba.ifrs.edu.br\/wp-content\/uploads\/2019\/12\/logo_horizontal_composto-150x42.png 150w, https:\/\/eletrotecnica.ibiruba.ifrs.edu.br\/wp-content\/uploads\/2019\/12\/logo_horizontal_composto-768x212.png 768w, https:\/\/eletrotecnica.ibiruba.ifrs.edu.br\/wp-content\/uploads\/2019\/12\/logo_horizontal_composto-1024x283.png 1024w\" sizes=\"auto, (max-width: 300px) 100vw, 300px\" \/><\/figure>\n\n\n\n<hr class=\"wp-block-separator\"\/>\n\n\n\n<p><em>Entre em contato conosco:<br><strong>Coordenador<\/strong>: Rafael Zanatta Scapini<br><strong>E-mail<\/strong>: <a href=\"mailto:teceletrotecnica@ibiruba.ifrs.edu.br\">teceletrotecnica@ibiruba.ifrs.edu.br<\/a><br><strong>Facebook<\/strong>: <a rel=\"noopener noreferrer\" href=\"https:\/\/www.facebook.com\/eletrotec.ibiruba\/\" target=\"_blank\">facebook.com\/eletrotec.ibiruba\/<\/a><br><strong>Telefone<\/strong>: (54) 3324-8107<\/em><\/p>\n\n\n\n<p>Para outros ramais no Campus Ibirub\u00e1, acesse <a rel=\"noopener noreferrer\" href=\"https:\/\/ifrs.edu.br\/ibiruba\/contato\/\" target=\"_blank\">Aqui.<\/a><\/p>\n\n\n\n<p><strong>Acesse tamb\u00e9m<\/strong>:<br>Site do IFRS: <a rel=\"noopener noreferrer\" href=\"https:\/\/ifrs.edu.br\/\" target=\"_blank\">https:\/\/ifrs.edu.br\/<\/a><br>Site do Campus Ibirub\u00e1: <a rel=\"noopener noreferrer\" href=\"https:\/\/ifrs.edu.br\/ibiruba\/\" target=\"_blank\">https:\/\/ifrs.edu.br\/ibiruba\/<\/a><\/p>\n\n\n\n<hr class=\"wp-block-separator is-style-wide\"\/>\n\n\n\n<p class=\"has-medium-font-size\"><strong><span style=\"color:#0693e3\" class=\"tadv-color\">Visite o Campus Ibirub\u00e1:<\/span><\/strong><\/p>\n\n\n\n<figure><iframe loading=\"lazy\" style=\"border: 0;\" src=\"https:\/\/www.google.com\/maps\/embed?pb=!1m14!1m8!1m3!1d39622.22983985995!2d-53.10134138260026!3d-28.62538296886911!3m2!1i1024!2i768!4f13.1!3m3!1m2!1s0x0%3A0xd7d9e9abca5712c2!2sInstituto+Federal+de+Educa%C3%A7%C3%A3o%2C+Ci%C3%AAncia+e+Tecnologia+do+Rio+Grande+do+Sul%2C+Campus+Ibirub%C3%A1!5e0!3m2!1spt-BR!2sbr!4v1545093327230\" allowfullscreen=\"allowfullscreen\" width=\"600\" height=\"450\" frameborder=\"0\"><\/iframe><\/figure>\n\n\n\n<hr class=\"wp-block-separator is-style-dots\"\/>\n\n\n\n<div class=\"wp-block-image\"><figure class=\"alignright is-resized\"><img loading=\"lazy\" decoding=\"async\" src=\"http:\/\/eletrotecnica.ibiruba.ifrs.edu.br\/wp-content\/uploads\/2019\/06\/IFlogo_horizontal-300x83.png\" alt=\"T\u00e9cnico em Eletrot\u00e9cnica IFRS IBIRUB\u00c1\" class=\"wp-image-1176\" width=\"150\" height=\"42\" srcset=\"https:\/\/eletrotecnica.ibiruba.ifrs.edu.br\/wp-content\/uploads\/2019\/06\/IFlogo_horizontal-300x83.png 300w, https:\/\/eletrotecnica.ibiruba.ifrs.edu.br\/wp-content\/uploads\/2019\/06\/IFlogo_horizontal-768x213.png 768w, https:\/\/eletrotecnica.ibiruba.ifrs.edu.br\/wp-content\/uploads\/2019\/06\/IFlogo_horizontal-1024x284.png 1024w\" sizes=\"auto, (max-width: 150px) 100vw, 150px\" \/><\/figure><\/div>\n","protected":false},"excerpt":{"rendered":"<p>Entre em contato conosco:Coordenador: Rafael Zanatta ScapiniE-mail: teceletrotecnica@ibiruba.ifrs.edu.brFacebook: facebook.com\/eletrotec.ibiruba\/Telefone: (54) 3324-8107 Para outros ramais no Campus Ibirub\u00e1, acesse Aqui. Acesse tamb\u00e9m:Site do IFRS: https:\/\/ifrs.edu.br\/Site do Campus Ibirub\u00e1: https:\/\/ifrs.edu.br\/ibiruba\/ Visite o Campus Ibirub\u00e1:<\/p>\n","protected":false},"author":1,"featured_media":1084,"parent":0,"menu_order":1,"comment_status":"closed","ping_status":"closed","template":"","meta":{"footnotes":""},"class_list":["post-17","page","type-page","status-publish","has-post-thumbnail","hentry"],"_links":{"self":[{"href":"https:\/\/eletrotecnica.ibiruba.ifrs.edu.br\/index.php\/wp-json\/wp\/v2\/pages\/17","targetHints":{"allow":["GET"]}}],"collection":[{"href":"https:\/\/eletrotecnica.ibiruba.ifrs.edu.br\/index.php\/wp-json\/wp\/v2\/pages"}],"about":[{"href":"https:\/\/eletrotecnica.ibiruba.ifrs.edu.br\/index.php\/wp-json\/wp\/v2\/types\/page"}],"author":[{"embeddable":true,"href":"https:\/\/eletrotecnica.ibiruba.ifrs.edu.br\/index.php\/wp-json\/wp\/v2\/users\/1"}],"replies":[{"embeddable":true,"href":"https:\/\/eletrotecnica.ibiruba.ifrs.edu.br\/index.php\/wp-json\/wp\/v2\/comments?post=17"}],"version-history":[{"count":31,"href":"https:\/\/eletrotecnica.ibiruba.ifrs.edu.br\/index.php\/wp-json\/wp\/v2\/pages\/17\/revisions"}],"predecessor-version":[{"id":1956,"href":"https:\/\/eletrotecnica.ibiruba.ifrs.edu.br\/index.php\/wp-json\/wp\/v2\/pages\/17\/revisions\/1956"}],"wp:featuredmedia":[{"embeddable":true,"href":"https:\/\/eletrotecnica.ibiruba.ifrs.edu.br\/index.php\/wp-json\/wp\/v2\/media\/1084"}],"wp:attachment":[{"href":"https:\/\/eletrotecnica.ibiruba.ifrs.edu.br\/index.php\/wp-json\/wp\/v2\/media?parent=17"}],"curies":[{"name":"wp","href":"https:\/\/api.w.org\/{rel}","templated":true}]}}