{"id":1543,"date":"2019-09-02T18:57:31","date_gmt":"2019-09-02T21:57:31","guid":{"rendered":"http:\/\/eletrotecnica.ibiruba.ifrs.edu.br\/?page_id=1543"},"modified":"2019-12-22T14:47:46","modified_gmt":"2019-12-22T16:47:46","slug":"colegiado-do-curso","status":"publish","type":"page","link":"https:\/\/eletrotecnica.ibiruba.ifrs.edu.br\/index.php\/coordenacao\/colegiado-do-curso\/","title":{"rendered":"Colegiado do Curso"},"content":{"rendered":"\n<figure class=\"wp-block-image\"><img loading=\"lazy\" decoding=\"async\" width=\"300\" height=\"83\" src=\"http:\/\/eletrotecnica.ibiruba.ifrs.edu.br\/wp-content\/uploads\/2019\/12\/logo_horizontal_composto-300x83.png\" alt=\"\" class=\"wp-image-1940\" srcset=\"https:\/\/eletrotecnica.ibiruba.ifrs.edu.br\/wp-content\/uploads\/2019\/12\/logo_horizontal_composto-300x83.png 300w, https:\/\/eletrotecnica.ibiruba.ifrs.edu.br\/wp-content\/uploads\/2019\/12\/logo_horizontal_composto-150x42.png 150w, https:\/\/eletrotecnica.ibiruba.ifrs.edu.br\/wp-content\/uploads\/2019\/12\/logo_horizontal_composto-768x212.png 768w, https:\/\/eletrotecnica.ibiruba.ifrs.edu.br\/wp-content\/uploads\/2019\/12\/logo_horizontal_composto-1024x283.png 1024w\" sizes=\"auto, (max-width: 300px) 100vw, 300px\" \/><\/figure>\n\n\n\n<hr class=\"wp-block-separator\"\/>\n\n\n\n<p><strong>\u00daltima reuni\u00e3o do Colegiado do Curso T\u00e9cnico em Eletrot\u00e9cnica:<\/strong> <strong><span style=\"background-color:#eeeeee\" class=\"tadv-background-color\"><span style=\"color:#ff6900\" class=\"tadv-color\">20 de Novembro de 2019<\/span><\/span><\/strong><\/p>\n\n\n\n<p>Pauta*:<\/p>\n\n\n\n<ol class=\"wp-block-list\"><li>An\u00e1lise dos processos de libera\u00e7\u00e3o de carga hor\u00e1ria de est\u00e1gio;<\/li><li>Delibera\u00e7\u00e3o dos interessados \u00e0 Coordena\u00e7\u00e3o do Curso;<\/li><li>Coordena\u00e7\u00e3o de projetos que incluem alunos da eletrot\u00e9cnica &#8211; produ\u00e7\u00e3o de material para mostra de trabalhos \/ VemProIF;<\/li><li>Proposi\u00e7\u00e3o de minicursos que promovam: a divulga\u00e7\u00e3o do curso; parcerias com entidades externas; capta\u00e7\u00e3o de recursos extraordin\u00e1rio para equipar laborat\u00f3rios de Eletrot\u00e9cnica (lembrando que estas a\u00e7\u00f5es est\u00e3o previstas no plano de a\u00e7\u00e3o 2020 &#8211; dispon\u00edveis no site).<\/li><li>Apresenta\u00e7\u00e3o do planejamento or\u00e7ament\u00e1rio<\/li><li>Participa\u00e7\u00e3o em projetos extra-or\u00e7ament\u00e1rios<\/li><li>Avalia\u00e7\u00e3o para a atua\u00e7\u00e3o do Curso no VemProIF e MOEPEX 2020<\/li><\/ol>\n\n\n\n<p style=\"text-align:right\" class=\"has-small-font-size\">* Para adicionar assuntos \u00e0 pauta da reuni\u00e3o entre em contato<br>com a coordena\u00e7\u00e3o at\u00e9 dia <strong><span style=\"color:#cf2e2e\" class=\"tadv-color\">10 de novembro de 2019<\/span><\/strong>.<\/p>\n\n\n\n<p><strong><span style=\"color:#0693e3\" class=\"tadv-color\">Representantes do Colegiado<\/span><\/strong>:<\/p>\n\n\n\n<ul class=\"wp-block-list\"><li><strong>Coordenador<\/strong>: Prof. Rafael Z. Scapini<\/li><li><strong>Docente<\/strong>: Prof. Juliano E. Rathke<\/li><li><strong>Docente<\/strong>: Prof. Mois\u00e9s Cordeiro<\/li><li><strong>T\u00e9cnico Administrativo em Educa\u00e7\u00e3o<\/strong>: Iuri G. Quaglia<\/li><li><strong>Discente<\/strong>: Francieli Soares Lima<\/li><li><strong>Discente<\/strong>: Gabriel Jose de Campos Dellay<\/li><\/ul>\n\n\n\n<p style=\"text-align:right\" class=\"has-small-font-size\"><a href=\"http:\/\/eletrotecnica.ibiruba.ifrs.edu.br\/wp-content\/uploads\/2019\/09\/2019-167-Colegiado-do-Curso-Tecnico-em-Eletrotecnica.pdf\" target=\"_blank\" rel=\"noreferrer noopener\" aria-label=\"Portaria 167\/2019 (opens in a new tab)\">Portaria 167\/2019<\/a><\/p>\n\n\n\n<h2 class=\"wp-block-heading\"><span style=\"color:#0693e3\" class=\"tadv-color\">O que \u00e9 o Colegiado?<\/span><\/h2>\n\n\n\n<p style=\"text-align:center\">&#8220;O <strong>Colegiado de Curso<\/strong> \u00e9 um \u00f3rg\u00e3o <em>normativo e consultivo<\/em> de cada curso, que tem por finalidade acompanhar a implementa\u00e7\u00e3o do Projeto Pedag\u00f3gico, avaliar altera\u00e7\u00f5es dos curr\u00edculos plenos, discutir temas ligados ao curso, planejar e avaliar as atividades acad\u00eamicas do curso, observando-se as pol\u00edticas e normas do IFRS&#8221;<\/p>\n\n\n\n<p>A Coordena\u00e7\u00e3o do Curso T\u00e9cnico em Eletrot\u00e9cnica conta com o suporte <em>normativo e consultivo<\/em> do <strong>Colegiado de Curso<\/strong> para tomadas de decis\u00e3o sobre a\u00e7\u00f5es regulamentadas e n\u00e3o-regulamentadas.<\/p>\n\n\n\n<h2 class=\"wp-block-heading\"><span style=\"color:#0693e3\" class=\"tadv-color\">Principais atribui\u00e7\u00f5es do Colegiado<\/span><\/h2>\n\n\n\n<p style=\"text-align:center\"><strong>DO PROCESSO DE AVALIA\u00c7\u00c3O DE CURSOS<\/strong><\/p>\n\n\n\n<p><strong>Art. 58. <\/strong>Os Colegiados de Cursos devem observar os relat\u00f3rios de autoavalia\u00e7\u00e3o Institucional e de avalia\u00e7\u00e3o externa para a tomada de decis\u00f5es em rela\u00e7\u00e3o ao planejamento e ao desenvolvimento de suas atividades.<\/p>\n\n\n\n<p style=\"text-align:center\"><strong>DOS CONSELHOS PEDAG\u00d3GICOS<\/strong><\/p>\n\n\n\n<p><strong>Art. 181. <\/strong>As reuni\u00f5es de Colegiado de Curso constituem-se no processo de an\u00e1lise e reflex\u00e3o sobre o andamento do curso, visando ao aprimoramento do processo de ensino-aprendizagem, envolvendo o Setor de Ensino. Dever\u00e3o <strong>ocorrer em cada per\u00edodo letivo ou em car\u00e1ter extraordin\u00e1rio<\/strong>.<\/p>\n\n\n\n<p style=\"text-align:center\"><strong>DAS PR\u00c1TICAS PROFISSIONAIS<\/strong><\/p>\n\n\n\n<p><strong>Art. 219. <\/strong>A pr\u00e1tica profissional \u00e9 obrigat\u00f3ria aos estudantes de todos os cursos do IFRS e consiste em condi\u00e7\u00e3o essencial para o direito ao diploma ou certificado de conclus\u00e3o de curso.<\/p>\n\n\n\n<p><strong>Art. 223. <\/strong>Somente poder\u00e3o ser contabilizadas as atividades que forem realizadas no decorrer do per\u00edodo em que o estudante estiver vinculado ao curso.<\/p>\n\n\n\n<p><strong>Art. 224.<\/strong> O(s) relat\u00f3rio(s) desenvolvido(s) dever\u00e1(\u00e3o) ser escrito(s) de acordo com as normas do Manual de Reda\u00e7\u00e3o de Trabalhos T\u00e9cnicos ou Cient\u00edficos do IFRS.<\/p>\n\n\n\n<p style=\"text-align:center\"><strong>DO EST\u00c1GIO SUPERVISIONADO<\/strong><\/p>\n\n\n\n<p><strong>Art. 228.<\/strong> As atividades programadas para o est\u00e1gio dever\u00e3o manter uma<br> converg\u00eancia com os conhecimentos te\u00f3rico-pr\u00e1ticos adquiridos pelo estudante durante a sua forma\u00e7\u00e3o, considerando o perfil do egresso manifestamente desejado no PPC.<\/p>\n\n\n\n<p><strong>Art. 229. <\/strong>S\u00e3o objetivos do est\u00e1gio:<br> I. Possibilitar ao estudante o exerc\u00edcio da pr\u00e1tica profissional, aliando a teoria \u00e0 pr\u00e1tica, como aspecto integrante de sua forma\u00e7\u00e3o;<br> II. Contribuir para o ingresso do estudante no mundo do trabalho;<br> III. Promover a integra\u00e7\u00e3o do IFRS com a sociedade e sua organicidade com o mundo do trabalho.<\/p>\n\n\n\n<p><strong>Art. 230. <\/strong>O est\u00e1gio pode ser caracterizado como obrigat\u00f3rio ou n\u00e3o obrigat\u00f3rio.<br> <strong>\u00a7 1\u00ba<\/strong>. Entende-se por est\u00e1gio obrigat\u00f3rio aquele que constitui exclusivamente pr\u00e1tica profissional no campo de trabalho, previsto no PPC como componente curricular.<br> <strong>\u00a7 2\u00ba<\/strong>. Entende-se por est\u00e1gio n\u00e3o obrigat\u00f3rio, aquele que n\u00e3o se constitui em componente curricular, mas pode ser previsto como um item do PPC.<br> <strong>\u00a7 3\u00ba<\/strong>. Para fins de est\u00e1gio, o estudante dever\u00e1 estar com a matr\u00edcula ativa e em curso no IFRS.<\/p>\n\n\n\n<p><strong>Art. 234.<\/strong> O acompanhamento das atividades de est\u00e1gio ser\u00e1 realizado in loco, pelo supervisor de est\u00e1gio da concedente, e pelo professor orientador, embasado no relat\u00f3rio final de responsabilidade do estagi\u00e1rio, em di\u00e1logos com supervisor da concedente e em visita ao local, quando poss\u00edvel, no decorrer das atividades para cada estudante orientado<strong>.<\/strong><br><strong>Par\u00e1grafo \u00fanico. <\/strong>O estudante dever\u00e1 comprovar o registro de frequ\u00eancia \u00e0s atividades programadas, atestado pelo supervisor de est\u00e1gio.<\/p>\n\n\n\n<p><strong>Art. 235.<\/strong> O estudante dever\u00e1 apresentar relat\u00f3rio de atividades do est\u00e1gio, em prazo n\u00e3o superior a 6 (seis) meses.<\/p>\n\n\n\n<p><strong>Art. 236.<\/strong> Os estudantes trabalhadores, cujas atividades relacionam-se com aquelas propostas pelo curso, poder\u00e3o, mediante apresenta\u00e7\u00e3o de contrato social da empresa ou contrato de trabalho, requerer a substitui\u00e7\u00e3o de parte ou de todo o est\u00e1gio pela equival\u00eancia das atividades desenvolvidas, conforme o PPC.<br><strong>\u00a7 1\u00ba<\/strong>. <strong>O requerimento dever\u00e1 ser analisado pelo Colegiado do Curso<\/strong>.<br><strong>\u00a7 2\u00ba<\/strong>. O deferimento do processo n\u00e3o desobriga a orienta\u00e7\u00e3o do estudante, bem como todo o tr\u00e2mite para aprova\u00e7\u00e3o do relat\u00f3rio final.<\/p>\n\n\n\n<hr class=\"wp-block-separator is-style-dots\"\/>\n\n\n\n<div class=\"wp-block-image\"><figure class=\"alignright is-resized\"><img loading=\"lazy\" decoding=\"async\" src=\"http:\/\/eletrotecnica.ibiruba.ifrs.edu.br\/wp-content\/uploads\/2019\/06\/IFlogo_horizontal-300x83.png\" alt=\"T\u00e9cnico em Eletrot\u00e9cnica IFRS IBIRUB\u00c1\" class=\"wp-image-1176\" width=\"150\" height=\"42\" srcset=\"https:\/\/eletrotecnica.ibiruba.ifrs.edu.br\/wp-content\/uploads\/2019\/06\/IFlogo_horizontal-300x83.png 300w, https:\/\/eletrotecnica.ibiruba.ifrs.edu.br\/wp-content\/uploads\/2019\/06\/IFlogo_horizontal-768x213.png 768w, https:\/\/eletrotecnica.ibiruba.ifrs.edu.br\/wp-content\/uploads\/2019\/06\/IFlogo_horizontal-1024x284.png 1024w\" sizes=\"auto, (max-width: 150px) 100vw, 150px\" \/><\/figure><\/div>\n","protected":false},"excerpt":{"rendered":"<p>\u00daltima reuni\u00e3o do Colegiado do Curso T\u00e9cnico em Eletrot\u00e9cnica: 20 de Novembro de 2019 Pauta*: An\u00e1lise dos processos de libera\u00e7\u00e3o de carga hor\u00e1ria de est\u00e1gio; Delibera\u00e7\u00e3o dos interessados \u00e0 Coordena\u00e7\u00e3o do Curso; Coordena\u00e7\u00e3o de projetos que incluem alunos da eletrot\u00e9cnica &#8211; produ\u00e7\u00e3o de material para mostra de trabalhos \/ VemProIF; Proposi\u00e7\u00e3o de minicursos que promovam: [&hellip;]<\/p>\n","protected":false},"author":1,"featured_media":1084,"parent":1436,"menu_order":1,"comment_status":"closed","ping_status":"closed","template":"","meta":{"footnotes":""},"class_list":["post-1543","page","type-page","status-publish","has-post-thumbnail","hentry"],"_links":{"self":[{"href":"https:\/\/eletrotecnica.ibiruba.ifrs.edu.br\/index.php\/wp-json\/wp\/v2\/pages\/1543","targetHints":{"allow":["GET"]}}],"collection":[{"href":"https:\/\/eletrotecnica.ibiruba.ifrs.edu.br\/index.php\/wp-json\/wp\/v2\/pages"}],"about":[{"href":"https:\/\/eletrotecnica.ibiruba.ifrs.edu.br\/index.php\/wp-json\/wp\/v2\/types\/page"}],"author":[{"embeddable":true,"href":"https:\/\/eletrotecnica.ibiruba.ifrs.edu.br\/index.php\/wp-json\/wp\/v2\/users\/1"}],"replies":[{"embeddable":true,"href":"https:\/\/eletrotecnica.ibiruba.ifrs.edu.br\/index.php\/wp-json\/wp\/v2\/comments?post=1543"}],"version-history":[{"count":29,"href":"https:\/\/eletrotecnica.ibiruba.ifrs.edu.br\/index.php\/wp-json\/wp\/v2\/pages\/1543\/revisions"}],"predecessor-version":[{"id":1949,"href":"https:\/\/eletrotecnica.ibiruba.ifrs.edu.br\/index.php\/wp-json\/wp\/v2\/pages\/1543\/revisions\/1949"}],"up":[{"embeddable":true,"href":"https:\/\/eletrotecnica.ibiruba.ifrs.edu.br\/index.php\/wp-json\/wp\/v2\/pages\/1436"}],"wp:featuredmedia":[{"embeddable":true,"href":"https:\/\/eletrotecnica.ibiruba.ifrs.edu.br\/index.php\/wp-json\/wp\/v2\/media\/1084"}],"wp:attachment":[{"href":"https:\/\/eletrotecnica.ibiruba.ifrs.edu.br\/index.php\/wp-json\/wp\/v2\/media?parent=1543"}],"curies":[{"name":"wp","href":"https:\/\/api.w.org\/{rel}","templated":true}]}}