{"id":1436,"date":"2019-08-12T17:11:52","date_gmt":"2019-08-12T20:11:52","guid":{"rendered":"http:\/\/eletrotecnica.ibiruba.ifrs.edu.br\/?page_id=1436"},"modified":"2019-12-22T14:45:07","modified_gmt":"2019-12-22T16:45:07","slug":"coordenacao","status":"publish","type":"page","link":"https:\/\/eletrotecnica.ibiruba.ifrs.edu.br\/index.php\/coordenacao\/","title":{"rendered":"Coordena\u00e7\u00e3o"},"content":{"rendered":"\n<figure class=\"wp-block-image\"><img loading=\"lazy\" decoding=\"async\" width=\"300\" height=\"83\" src=\"http:\/\/eletrotecnica.ibiruba.ifrs.edu.br\/wp-content\/uploads\/2019\/12\/logo_horizontal_composto-300x83.png\" alt=\"\" class=\"wp-image-1940\" srcset=\"https:\/\/eletrotecnica.ibiruba.ifrs.edu.br\/wp-content\/uploads\/2019\/12\/logo_horizontal_composto-300x83.png 300w, https:\/\/eletrotecnica.ibiruba.ifrs.edu.br\/wp-content\/uploads\/2019\/12\/logo_horizontal_composto-150x42.png 150w, https:\/\/eletrotecnica.ibiruba.ifrs.edu.br\/wp-content\/uploads\/2019\/12\/logo_horizontal_composto-768x212.png 768w, https:\/\/eletrotecnica.ibiruba.ifrs.edu.br\/wp-content\/uploads\/2019\/12\/logo_horizontal_composto-1024x283.png 1024w\" sizes=\"auto, (max-width: 300px) 100vw, 300px\" \/><\/figure>\n\n\n\n<p>A Coordena\u00e7\u00e3o do Curso T\u00e9cnico em Eletrot\u00e9cnica \u00e9 o \u00f3rg\u00e3o respons\u00e1vel pela gest\u00e3o did\u00e1tico-pedag\u00f3gica do  curso, exercida por um docente efetivo do IFRS.<\/p>\n\n\n\n<hr class=\"wp-block-separator is-style-wide\"\/>\n\n\n\n<p style=\"text-align:center\"><em><strong>Coordenador<\/strong>: Prof. Rafael Zanatta Scapini<br><strong>E-mail<\/strong>:&nbsp;<a href=\"mailto:teceletrotecnica@ibiruba.ifrs.edu.br\">teceletrotecnica@ibiruba.ifrs.edu.br<\/a><\/em><br><em><strong>Telefone<\/strong>: (54) 3324-8107<\/em><\/p>\n\n\n\n<p style=\"text-align:center\">&#8212; <a rel=\"noreferrer noopener\" aria-label=\"Hor\u00e1rio de atendimento (opens in a new tab)\" href=\"http:\/\/eletrotecnica.ibiruba.ifrs.edu.br\/wp-content\/uploads\/2019\/08\/2019-2-Hor\u00e1rio-Coordenador-T\u00c9CNICO-EM-ELETROT\u00c9CNICA.pdf\" target=\"_blank\">Hor\u00e1rio de atendimento<\/a> &#8212;<br>&#8212; <a rel=\"noreferrer noopener\" aria-label=\"Atribui\u00e7\u00f5es do Coordenador de Curso (opens in a new tab)\" href=\"http:\/\/eletrotecnica.ibiruba.ifrs.edu.br\/wp-content\/uploads\/2019\/08\/atribuicoes-do-coordenador.pdf\" target=\"_blank\">Atribui\u00e7\u00f5es do Coordenador de Curso<\/a> &#8212;<\/p>\n\n\n\n<hr class=\"wp-block-separator is-style-wide\"\/>\n\n\n\n<p style=\"text-align:center\" class=\"has-normal-font-size\"><span style=\"color:#313131\" class=\"tadv-color\">&#8220;O <strong>Projeto Pedag\u00f3gico do Curso T\u00e9cnico em Eletrot\u00e9cnica<\/strong> visa uma forma\u00e7\u00e3o ampla, possibilitando ao estudante, no seu futuro exerc\u00edcio profissional, atuar com tecnologias associadas a processos el\u00e9tricos e eletr\u00f4nicos em atividades produtivas e sua manuten\u00e7\u00e3o&#8221;<\/span><\/p>\n\n\n\n<hr class=\"wp-block-separator is-style-dots\"\/>\n\n\n\n<div class=\"wp-block-image\"><figure class=\"alignright is-resized\"><img loading=\"lazy\" decoding=\"async\" src=\"http:\/\/eletrotecnica.ibiruba.ifrs.edu.br\/wp-content\/uploads\/2019\/06\/IFlogo_horizontal-300x83.png\" alt=\"T\u00e9cnico em Eletrot\u00e9cnica IFRS IBIRUB\u00c1\" class=\"wp-image-1176\" width=\"150\" height=\"42\" srcset=\"https:\/\/eletrotecnica.ibiruba.ifrs.edu.br\/wp-content\/uploads\/2019\/06\/IFlogo_horizontal-300x83.png 300w, https:\/\/eletrotecnica.ibiruba.ifrs.edu.br\/wp-content\/uploads\/2019\/06\/IFlogo_horizontal-768x213.png 768w, https:\/\/eletrotecnica.ibiruba.ifrs.edu.br\/wp-content\/uploads\/2019\/06\/IFlogo_horizontal-1024x284.png 1024w\" sizes=\"auto, (max-width: 150px) 100vw, 150px\" \/><\/figure><\/div>\n","protected":false},"excerpt":{"rendered":"<p>A Coordena\u00e7\u00e3o do Curso T\u00e9cnico em Eletrot\u00e9cnica \u00e9 o \u00f3rg\u00e3o respons\u00e1vel pela gest\u00e3o did\u00e1tico-pedag\u00f3gica do curso, exercida por um docente efetivo do IFRS. Coordenador: Prof. Rafael Zanatta ScapiniE-mail:&nbsp;teceletrotecnica@ibiruba.ifrs.edu.brTelefone: (54) 3324-8107 &#8212; Hor\u00e1rio de atendimento &#8212;&#8212; Atribui\u00e7\u00f5es do Coordenador de Curso &#8212; &#8220;O Projeto Pedag\u00f3gico do Curso T\u00e9cnico em Eletrot\u00e9cnica visa uma forma\u00e7\u00e3o ampla, possibilitando ao [&hellip;]<\/p>\n","protected":false},"author":1,"featured_media":1084,"parent":0,"menu_order":0,"comment_status":"closed","ping_status":"closed","template":"","meta":{"footnotes":""},"class_list":["post-1436","page","type-page","status-publish","has-post-thumbnail","hentry"],"_links":{"self":[{"href":"https:\/\/eletrotecnica.ibiruba.ifrs.edu.br\/index.php\/wp-json\/wp\/v2\/pages\/1436","targetHints":{"allow":["GET"]}}],"collection":[{"href":"https:\/\/eletrotecnica.ibiruba.ifrs.edu.br\/index.php\/wp-json\/wp\/v2\/pages"}],"about":[{"href":"https:\/\/eletrotecnica.ibiruba.ifrs.edu.br\/index.php\/wp-json\/wp\/v2\/types\/page"}],"author":[{"embeddable":true,"href":"https:\/\/eletrotecnica.ibiruba.ifrs.edu.br\/index.php\/wp-json\/wp\/v2\/users\/1"}],"replies":[{"embeddable":true,"href":"https:\/\/eletrotecnica.ibiruba.ifrs.edu.br\/index.php\/wp-json\/wp\/v2\/comments?post=1436"}],"version-history":[{"count":42,"href":"https:\/\/eletrotecnica.ibiruba.ifrs.edu.br\/index.php\/wp-json\/wp\/v2\/pages\/1436\/revisions"}],"predecessor-version":[{"id":1948,"href":"https:\/\/eletrotecnica.ibiruba.ifrs.edu.br\/index.php\/wp-json\/wp\/v2\/pages\/1436\/revisions\/1948"}],"wp:featuredmedia":[{"embeddable":true,"href":"https:\/\/eletrotecnica.ibiruba.ifrs.edu.br\/index.php\/wp-json\/wp\/v2\/media\/1084"}],"wp:attachment":[{"href":"https:\/\/eletrotecnica.ibiruba.ifrs.edu.br\/index.php\/wp-json\/wp\/v2\/media?parent=1436"}],"curies":[{"name":"wp","href":"https:\/\/api.w.org\/{rel}","templated":true}]}}