{"id":133,"date":"2018-12-05T17:11:59","date_gmt":"2018-12-05T19:11:59","guid":{"rendered":"http:\/\/eletrotecnica.ibiruba.ifrs.edu.br\/?page_id=133"},"modified":"2021-05-13T21:03:36","modified_gmt":"2021-05-14T00:03:36","slug":"eletrotecnica","status":"publish","type":"page","link":"https:\/\/eletrotecnica.ibiruba.ifrs.edu.br\/index.php\/eletrotecnica\/","title":{"rendered":"Sobre o Curso"},"content":{"rendered":"\n<div class=\"wp-block-image\"><figure class=\"alignright is-resized\"><img loading=\"lazy\" decoding=\"async\" src=\"http:\/\/eletrotecnica.ibiruba.ifrs.edu.br\/wp-content\/uploads\/2019\/02\/IFRS-gratuito-e-de-qualidade-e1550172371420.png\" alt=\"\" class=\"wp-image-485\" width=\"142\" height=\"126\"\/><\/figure><\/div>\n\n\n\n<p><strong>Dura\u00e7\u00e3o<\/strong>: 2 anos<br><strong>Turno<\/strong>: Noite<br><strong>Gratuito:<\/strong> N\u00e3o h\u00e1 mensalidade ou taxas<\/p>\n\n\n\n<p>O curso <strong>T\u00e9cnico em Eletrot\u00e9cnica<\/strong> \u00e9 ofertado na forma Subsequente e \u00e9 voltado exclusivamente a estudantes que j\u00e1 tenham conclu\u00eddo o Ensino M\u00e9dio.<br>O estudante n\u00e3o paga nada para cursar.<\/p>\n\n\n\n<div class=\"wp-block-image\"><figure class=\"alignleft\"><img loading=\"lazy\" decoding=\"async\" width=\"300\" height=\"199\" src=\"http:\/\/eletrotecnica.ibiruba.ifrs.edu.br\/wp-content\/uploads\/2018\/12\/imagem-sobre-o-curso-300x199.jpg\" alt=\"\" class=\"wp-image-128\" srcset=\"https:\/\/eletrotecnica.ibiruba.ifrs.edu.br\/wp-content\/uploads\/2018\/12\/imagem-sobre-o-curso-300x199.jpg 300w, https:\/\/eletrotecnica.ibiruba.ifrs.edu.br\/wp-content\/uploads\/2018\/12\/imagem-sobre-o-curso-768x510.jpg 768w, https:\/\/eletrotecnica.ibiruba.ifrs.edu.br\/wp-content\/uploads\/2018\/12\/imagem-sobre-o-curso.jpg 960w\" sizes=\"auto, (max-width: 300px) 100vw, 300px\" \/><\/figure><\/div>\n\n\n\n<p>O principal objetivo do curso \u00e9 proporcionar a forma\u00e7\u00e3o de profissionais capazes de compreender e operacionalizar os conhecimentos e habilidades da \u00e1rea da eletricidade, seus processos e suas transforma\u00e7\u00f5es no mundo do trabalho, buscando uma postura \u00e9tica, aliada \u00e0 compet\u00eancia t\u00e9cnica \u2013 o que possibilita um exerc\u00edcio profissional comprometido com as demandas da sociedade e das pr\u00e1ticas sociais.<\/p>\n\n\n\n<p><strong><span style=\"color:#0693e3\" class=\"tadv-color\">O profissional T\u00e9cnico em Eletrot\u00e9cnica tem forma\u00e7\u00e3o ampla e estar\u00e1 habilitado para:<\/span><\/strong><\/p>\n\n\n\n<ul class=\"wp-block-list\"><li>projetar, instalar, operar e manter elementos do sistema el\u00e9trico de pot\u00eancia, incluindo estruturas relacionadas \u00e0 gera\u00e7\u00e3o, transporte e distribui\u00e7\u00e3o da energia el\u00e9trica;<\/li><li>elaborar e desenvolver projetos de instala\u00e7\u00f5es el\u00e9tricas residenciais, comerciais e industriais;<\/li><li>realizar instala\u00e7\u00e3o, manuten\u00e7\u00e3o e amplia\u00e7\u00e3o de plantas de instala\u00e7\u00e3o el\u00e9trica residencial, comercial e industrial;<\/li><li>planejar e executar instala\u00e7\u00e3o e manuten\u00e7\u00e3o de equipamentos el\u00e9tricos de pequeno e m\u00e9dio porte;<\/li><li>aplicar medidas para o uso eficiente da energia el\u00e9trica e de fontes energ\u00e9ticas alternativas;<\/li><li>projetar e instalar sistemas de acionamentos el\u00e9tricos e sistemas de automa\u00e7\u00e3o industrial;<\/li><li>operacionalizar a manuten\u00e7\u00e3o e a conserva\u00e7\u00e3o em sistemas el\u00e9tricos industriais, hidr\u00e1ulicos e pneum\u00e1ticos voltados para a automa\u00e7\u00e3o industrial;<\/li><li>assessorar no estudo e desenvolvimento de pesquisas tecnol\u00f3gicas em grupos de pesquisa ou institui\u00e7\u00f5es que desenvolvem projetos na \u00e1rea;<\/li><li>executar procedimentos de controle de qualidade e gest\u00e3o.<\/li><\/ul>\n\n\n\n<p><strong><span style=\"color:#0693e3\" class=\"tadv-color\">Conhe\u00e7a a estrutura da matriz curricular do Curso T\u00e9cnico em Eletrot\u00e9cnica e suas \u00e1reas de forma\u00e7\u00e3o relacionadas:<\/span><\/strong><\/p>\n\n\n\n<figure class=\"wp-block-image\"><a href=\"http:\/\/eletrotecnica.ibiruba.ifrs.edu.br\/wp-content\/uploads\/2019\/08\/Eletrot\u00e9cnica-Mapa-das-Disciplinas.jpeg\"><img loading=\"lazy\" decoding=\"async\" width=\"1024\" height=\"596\" src=\"http:\/\/eletrotecnica.ibiruba.ifrs.edu.br\/wp-content\/uploads\/2019\/08\/Eletrot\u00e9cnica-Mapa-das-Disciplinas-1024x596.jpeg\" alt=\"Mapa da Matriz Curricular\" class=\"wp-image-1406\" srcset=\"https:\/\/eletrotecnica.ibiruba.ifrs.edu.br\/wp-content\/uploads\/2019\/08\/Eletrot\u00e9cnica-Mapa-das-Disciplinas-1024x596.jpeg 1024w, https:\/\/eletrotecnica.ibiruba.ifrs.edu.br\/wp-content\/uploads\/2019\/08\/Eletrot\u00e9cnica-Mapa-das-Disciplinas-150x87.jpeg 150w, https:\/\/eletrotecnica.ibiruba.ifrs.edu.br\/wp-content\/uploads\/2019\/08\/Eletrot\u00e9cnica-Mapa-das-Disciplinas-300x175.jpeg 300w, https:\/\/eletrotecnica.ibiruba.ifrs.edu.br\/wp-content\/uploads\/2019\/08\/Eletrot\u00e9cnica-Mapa-das-Disciplinas-768x447.jpeg 768w\" sizes=\"auto, (max-width: 1024px) 100vw, 1024px\" \/><\/a><\/figure>\n\n\n\n<hr class=\"wp-block-separator is-style-wide\"\/>\n\n\n\n<p>Informa\u00e7\u00f5es sobre processo seletivo: <a href=\"https:\/\/ingresso.ifrs.edu.br\/\" target=\"_blank\" rel=\"noopener noreferrer\">https:\/\/ingresso.ifrs.edu.br\/<\/a><\/p>\n\n\n\n<p>Projeto Pedag\u00f3gico do Curso (PPC): <a href=\"https:\/\/ibiruba.ifrs.edu.br\/site\/midias\/arquivos\/201762414846577projeto_pedagogico_do_curso_de_eletrotecnicasubsequente_-_2017.pdf\" target=\"_blank\" rel=\"noopener noreferrer\">Aqui<\/a><\/p>\n\n\n\n<p>Contato: <a href=\"mailto:teceletrotecnica@ibiruba.ifrs.edu.br\">teceletrotecnica@ibiruba.ifrs.edu.br<\/a><\/p>\n\n\n\n<hr class=\"wp-block-separator is-style-dots\"\/>\n\n\n\n<div class=\"wp-block-image\"><figure class=\"aligncenter is-resized\"><img loading=\"lazy\" decoding=\"async\" src=\"http:\/\/eletrotecnica.ibiruba.ifrs.edu.br\/wp-content\/uploads\/2019\/06\/IFlogo_horizontal-1024x284.png\" alt=\"T\u00e9cnico em Eletrot\u00e9cnica IFRS IBIRUB\u00c1\" class=\"wp-image-1176\" width=\"256\" height=\"71\" srcset=\"https:\/\/eletrotecnica.ibiruba.ifrs.edu.br\/wp-content\/uploads\/2019\/06\/IFlogo_horizontal-1024x284.png 1024w, https:\/\/eletrotecnica.ibiruba.ifrs.edu.br\/wp-content\/uploads\/2019\/06\/IFlogo_horizontal-300x83.png 300w, https:\/\/eletrotecnica.ibiruba.ifrs.edu.br\/wp-content\/uploads\/2019\/06\/IFlogo_horizontal-768x213.png 768w\" sizes=\"auto, (max-width: 256px) 100vw, 256px\" \/><\/figure><\/div>\n\n\n\n<p><strong><em>P\u00e1gina do Curso no Facebook:<\/em><br \/>\u00a0 \u00a0\u00a0<\/strong><a href=\"https:\/\/www.facebook.com\/eletrotec.ibiruba\/\" target=\"_blank\" rel=\"noopener noreferrer\">https:\/\/www.facebook.com\/eletrotec.ibiruba\/<\/a><\/p>\n<p><strong><em>Canal do Curso no YouTube:<\/em><br \/>\u00a0 \u00a0\u00a0<\/strong><a href=\"https:\/\/www.youtube.com\/channel\/UCyu_QxudiCpCjIVavcrmFKA\" target=\"_blank\" rel=\"noopener noreferrer\">https:\/\/www.youtube.com\/channel\/UCyu_QxudiCpCjIVavcrmFKA<\/a><\/p>\n","protected":false},"excerpt":{"rendered":"<p>Dura\u00e7\u00e3o: 2 anosTurno: NoiteGratuito: N\u00e3o h\u00e1 mensalidade ou taxas O curso T\u00e9cnico em Eletrot\u00e9cnica \u00e9 ofertado na forma Subsequente e \u00e9 voltado exclusivamente a estudantes que j\u00e1 tenham conclu\u00eddo o Ensino M\u00e9dio.O estudante n\u00e3o paga nada para cursar. O principal objetivo do curso \u00e9 proporcionar a forma\u00e7\u00e3o de profissionais capazes de compreender e operacionalizar os [&hellip;]<\/p>\n","protected":false},"author":1,"featured_media":1169,"parent":0,"menu_order":0,"comment_status":"closed","ping_status":"closed","template":"","meta":{"footnotes":""},"class_list":["post-133","page","type-page","status-publish","has-post-thumbnail","hentry"],"_links":{"self":[{"href":"https:\/\/eletrotecnica.ibiruba.ifrs.edu.br\/index.php\/wp-json\/wp\/v2\/pages\/133","targetHints":{"allow":["GET"]}}],"collection":[{"href":"https:\/\/eletrotecnica.ibiruba.ifrs.edu.br\/index.php\/wp-json\/wp\/v2\/pages"}],"about":[{"href":"https:\/\/eletrotecnica.ibiruba.ifrs.edu.br\/index.php\/wp-json\/wp\/v2\/types\/page"}],"author":[{"embeddable":true,"href":"https:\/\/eletrotecnica.ibiruba.ifrs.edu.br\/index.php\/wp-json\/wp\/v2\/users\/1"}],"replies":[{"embeddable":true,"href":"https:\/\/eletrotecnica.ibiruba.ifrs.edu.br\/index.php\/wp-json\/wp\/v2\/comments?post=133"}],"version-history":[{"count":16,"href":"https:\/\/eletrotecnica.ibiruba.ifrs.edu.br\/index.php\/wp-json\/wp\/v2\/pages\/133\/revisions"}],"predecessor-version":[{"id":2528,"href":"https:\/\/eletrotecnica.ibiruba.ifrs.edu.br\/index.php\/wp-json\/wp\/v2\/pages\/133\/revisions\/2528"}],"wp:featuredmedia":[{"embeddable":true,"href":"https:\/\/eletrotecnica.ibiruba.ifrs.edu.br\/index.php\/wp-json\/wp\/v2\/media\/1169"}],"wp:attachment":[{"href":"https:\/\/eletrotecnica.ibiruba.ifrs.edu.br\/index.php\/wp-json\/wp\/v2\/media?parent=133"}],"curies":[{"name":"wp","href":"https:\/\/api.w.org\/{rel}","templated":true}]}}